0 divide 7045550?
True
Is 2601487828 a multiple of 7529?
False
Is 2789745362 a multiple of 304?
False
Is 329965584 a multiple of 78?
True
Is 16 a factor of 73862635?
False
Is 153 a factor of 5786385?
False
Is 57411118 a multiple of 100?
False
Does 11 divide 5233360?
True
Is 194 a factor of 4127244931?
False
Is 52006734 a multiple of 6117?
True
Is 228533591 a multiple of 1847?
False
Does 19 divide 63051462?
True
Is 14599244 a multiple of 120?
False
Is 901 a factor of 852828879?
False
Is 15547140 a multiple of 18?
True
Does 176 divide 2065827419?
False
Does 1400 divide 1573592111?
False
Is 47342800 a multiple of 1775?
True
Does 31 divide 1498194?
False
Does 16 divide 25615536?
True
Does 13 divide 95594200?
True
Is 185 a factor of 8301142?
False
Does 157 divide 755262631?
False
Is 203849753 a multiple of 25?
False
Is 14344947 a multiple of 9?
True
Is 21227791 a multiple of 533?
True
Does 40 divide 168217520?
True
Is 10660 a factor of 1495416780?
True
Is 2298 a factor of 188392338?
True
Does 54 divide 292338018?
True
Is 14 a factor of 2007369238?
True
Is 90078560 a multiple of 10?
True
Does 11 divide 360907591?
True
Is 3033 a factor of 3757785265?
False
Is 983020 even?
True
Is 6 a factor of 422030728?
False
Is 84986256 a multiple of 32?
False
Is 310758515 a multiple of 151?
False
Is 564124774 a multiple of 558?
False
Is 1211145224 a multiple of 989?
True
Is 103570407 a multiple of 9?
True
Does 51 divide 1407207475?
False
Is 923 a factor of 35679786?
False
Is 130 a factor of 246921350?
True
Is 146953253 a multiple of 24?
False
Is 128 a factor of 33610368?
True
Does 107 divide 93993995?
False
Is 1995 a factor of 230019125?
False
Is 134292583 a multiple of 47?
True
Does 11 divide 43630246?
True
Does 233 divide 3508403325?
True
Is 21 a factor of 40767172?
False
Does 11863 divide 27431644?
False
Is 79 a factor of 40937010?
True
Is 117 a factor of 127255336?
False
Does 62 divide 33949092?
True
Is 511547588 a multiple of 38?
False
Is 43 a factor of 257132506?
False
Is 169 a factor of 83833464?
True
Is 1529548427 a multiple of 202?
False
Is 2240 a factor of 18437440?
True
Does 4 divide 87714776?
True
Is 209359703 a multiple of 1061?
True
Does 5263 divide 115773431?
False
Does 331 divide 27538538?
True
Is 68 a factor of 30274960?
True
Does 2 divide 373500047?
False
Is 379593043 a multiple of 584?
False
Does 16 divide 1219684?
False
Is 59548627 a multiple of 728?
False
Is 29 a factor of 6150697?
True
Is 1592 a factor of 164877072?
True
Is 28495538 a multiple of 11?
False
Is 29 a factor of 680602275?
False
Does 2943 divide 132123042?
True
Does 840 divide 241841040?
True
Does 1554 divide 1807754214?
True
Is 838 a factor of 4299778?
True
Does 33 divide 624897999?
True
Is 37802886 a multiple of 22?
True
Is 630 a factor of 1592348310?
True
Is 8 a factor of 4808674?
False
Is 1746200 a multiple of 977?
False
Does 55 divide 314577192?
False
Is 55 a factor of 15453511?
False
Is 4 a factor of 90244111?
False
Is 11033534 a multiple of 59?
False
Is 1125 a factor of 41188500?
True
Is 112473977 a multiple of 7?
True
Is 233894013 a multiple of 729?
False
Is 344 a factor of 39497736?
True
Is 409 a factor of 252794720?
True
Is 181 a factor of 4512822320?
True
Does 12 divide 47841912?
True
Is 36561438 a multiple of 7?
False
Does 51 divide 1065118578?
True
Does 10 divide 184620550?
True
Does 236 divide 2401501?
False
Is 16 a factor of 4043344546?
False
Is 1414 a factor of 547056804?
True
Is 30 a factor of 165404288?
False
Is 21 a factor of 441483806?
False
Is 2336136474 a multiple of 8769?
False
Is 2807 a factor of 1130218901?
True
Is 921594812 a multiple of 1132?
False
Does 89 divide 45806358?
False
Is 2849427 a multiple of 7?
True
Does 2 divide 20081532?
True
Does 17 divide 221814249?
True
Does 3778 divide 3238248474?
True
Does 735 divide 90958277?
False
Is 1024 a factor of 119955456?
True
Is 228 a factor of 7762128?
False
Does 124 divide 211549208?
True
Is 151328156 a multiple of 329?
True
Is 35 a factor of 241165750?
True
Is 371781032 a multiple of 74?
True
Is 8 a factor of 12962928?
True
Does 29 divide 1133842?
True
Is 111718640 a multiple of 44?
True
Does 5 divide 258843746?
False
Does 1874 divide 94987064?
False
Is 68251756 a multiple of 2037?
False
Is 203 a factor of 1673310?
False
Does 692 divide 11016940?
False
Does 30 divide 514844893?
False
Is 1280 a factor of 349626880?
True
Does 14 divide 3372120383?
False
Is 1454276352 a multiple of 81?
False
Does 1717 divide 159640032?
False
Is 894 a factor of 16915374?
True
Does 1125 divide 273175875?
True
Is 38449609 a multiple of 1367?
True
Is 854613180 a multiple of 1305?
True
Is 55689502 a multiple of 379?
True
Is 107 a factor of 20130766?
True
Does 3926 divide 55156374?
True
Does 177 divide 32974215?
True
Does 9 divide 1435973085?
True
Is 11 a factor of 83879866?
False
Does 53 divide 229025994?
False
Does 6 divide 38068638?
True
Is 3319 a factor of 323116712?
False
Does 35 divide 468532140?
False
Is 355 a factor of 1489959140?
True
Is 3144 a factor of 131853072?
True
Is 50 a factor of 17007596?
False
Does 3435 divide 313756335?
True
Does 14 divide 76820362?
False
Is 1902241 a multiple of 434?
False
Does 620 divide 224502000?
True
Is 1668 a factor of 93635512?
False
Is 110 a factor of 181812334?
False
Is 19 a factor of 407384206?
True
Is 39 a factor of 52474968?
True
Does 36 divide 2405985?
False
Does 6 divide 735253110?
True
Does 1029 divide 204330588?
True
Is 1150 a factor of 5092987526?
False
Is 1170303589 a multiple of 7?
True
Is 17 a factor of 305899496?
True
Does 43 divide 35968210?
True
Does 23 divide 306920855?
True
Is 2082 a factor of 6502429?
False
Is 50 a factor of 100887900?
True
Does 77 divide 14581105?
True
Is 214366263 a multiple of 86?
False
Is 53490017 a multiple of 262?
False
Is 647440164 a multiple of 1759?
False
Does 119 divide 225387904?
True
Is 4073584 a multiple of 4?
True
Is 557 a factor of 4271029849?
False
Does 3148 divide 327466219?
False
Is 5 a factor of 1346825?
True
Is 73223550 a multiple of 31?
True
Is 458377524 a multiple of 484?
True
Is 76 a factor of 204187224?
True
Does 9 divide 3661139?
False
Is 142182806 a multiple of 120?
False
Does 6 divide 9748944?
True
Does 7973 divide 987668?
False
Is 38 a factor of 173729920?
True
Does 78 divide 439672506?
True
Is 5 a factor of 221892360?
True
Is 17 a factor of 1015738967?
True
Is 36 a factor of 833599409?
False
Does 20 divide 996406194?
False
Is 8 a factor of 64415032?
True
Is 32 a factor of 14797281?
False
Does 51 divide 137748195?
True
Is 10240920 a multiple of 24?
True
Is 1063145220 a multiple of 1740?
True
Is 656241222 a multiple of 721?
True
Does 31 divide 97476772?
True
Is 1391 a factor of 387797331?
False
Does 867 divide 47999112?
False
Is 5 a factor of 12027098?
False
Is 6 a factor of 3437319076?
False
Is 63 a factor of 1533615300?
True
Is 20 a factor of 4150360?
True
Is 213901472 a multiple of 184?
True
Is 8931529 a multiple of 446?
False
Is 19961693 a multiple of 164?
False
Is 3591750 a multiple of 375?
True
Is 28 a factor of 5577615?
False
Is 299597 a multiple of 18?
False
Does 14 divide 1826237?
False
Is 17898474 a multiple of 138?
False
Is 159014872 a multiple of 1054?
True
Does 192 divide 73184980?
False
Is 1452208 a multiple of 34?
True
Does 65 divide 7741110?
True
Is 2848 a factor of 196409472?
True
Does 226 divide 152612615?
False
Is 62113500 a multiple of 225?
True
Does 221 divide 87651168?
False
Is 1707 a factor of 345715667?
False
Is 96881951 a multiple of 299?
False
Does 13 divide 155736048?
True
Is 714 a factor of 1146685462?
False
Is 137265956 a multiple of 54?
False
Is 16 a factor of 87780029?
False
Is 17 a factor of 12674163?
True
Is 980868295 a multiple of 5954?
False
Is 229 a factor of 3654525?
False
Does 30 divide 424908734?
False
Does 189 divide 2176668018?
True
Does 628 divide 14267222?
False
Is 6029 a factor of 1821186059?
True
Is 18 a factor of 18749214?
True
Is 34312392 a multiple of 18?
True
Is 485713587 a multiple of 361?
True
Is 372 a factor of 356589156?
True
Is 27500527 a multiple of 13?
False
Is 123208046 a multiple of 13?
True
Does 324 divide 1232793?
False
Is 228180 a multiple of 20?
True
Is 107 a factor of 3702063?
False
Is 33 a factor of 503067486?
False
Is 36 a factor of 13633322?
False
Is 1123206